factors of 852469509?
3, 103, 2758801
What are the prime factors of 158861041?
1949, 81509
List the prime factors of 344250216.
2, 3, 271, 5881
What are the prime factors of 14397058?
2, 13, 553733
List the prime factors of 121949962.
2, 5569, 10949
What are the prime factors of 860440427?
7, 11, 1223, 9137
List the prime factors of 3629996454.
2, 3, 7, 2441, 35407
What are the prime factors of 2455537043?
47, 181, 288649
What are the prime factors of 104452774?
2, 59, 241, 3673
List the prime factors of 175401875.
5, 11, 31, 823
What are the prime factors of 1077799359?
3, 7, 13, 303691
List the prime factors of 231365724.
2, 3, 19280477
List the prime factors of 647560708.
2, 161890177
What are the prime factors of 5358768160?
2, 5, 23, 1456187
What are the prime factors of 4141253881?
4141253881
List the prime factors of 59826208.
2, 13, 143813
What are the prime factors of 1818198743?
71, 25608433
List the prime factors of 1074378011.
7, 73, 109, 19289
List the prime factors of 3552488548.
2, 7, 37, 281, 12203
List the prime factors of 2486954142.
2, 3, 138164119
What are the prime factors of 664653897?
3, 1699, 14489
What are the prime factors of 32071896?
2, 3, 37, 4013
List the prime factors of 1534897766.
2, 767448883
List the prime factors of 1311210191.
733, 1788827
List the prime factors of 52118891.
11, 223, 21247
List the prime factors of 61335635.
5, 12267127
What are the prime factors of 32750032?
2, 7, 37, 1129
List the prime factors of 66043211.
13, 211, 24077
What are the prime factors of 1154767289?
13, 88828253
What are the prime factors of 65042714?
2, 11, 17, 61, 2851
List the prime factors of 642961439.
281, 2288119
List the prime factors of 94271020.
2, 5, 23, 223, 919
What are the prime factors of 145748109?
3, 13, 3737131
List the prime factors of 688208266.
2, 137, 2511709
List the prime factors of 84332722.
2, 42166361
What are the prime factors of 69316663?
13, 5332051
What are the prime factors of 1049809862?
2, 1163, 451337
List the prime factors of 8795195.
5, 19, 92581
List the prime factors of 302441705.
5, 281, 215261
List the prime factors of 43896639.
3, 14632213
List the prime factors of 1832151960.
2, 3, 5, 83, 757
What are the prime factors of 69868453?
17, 19, 29, 7459
List the prime factors of 63948134.
2, 2099, 15233
What are the prime factors of 1175224826?
2, 29, 20262497
List the prime factors of 4679123405.
5, 11, 85074971
List the prime factors of 62286107.
13, 4791239
What are the prime factors of 11797326?
2, 3, 72823
What are the prime factors of 72944207?
7, 41, 254161
What are the prime factors of 310337885?
5, 11, 13, 434039
List the prime factors of 2903720.
2, 5, 229, 317
What are the prime factors of 875627703?
3, 97291967
List the prime factors of 58340673.
3, 23, 281839
What are the prime factors of 2014163971?
149, 929, 14551
List the prime factors of 1231699161.
3, 7, 11, 31, 172001
What are the prime factors of 427688142?
2, 3, 7, 17, 599003
List the prime factors of 770265018.
2, 3, 14264167
What are the prime factors of 2673415535?
5, 7, 76383301
List the prime factors of 24423754.
2, 389, 31393
What are the prime factors of 1173620164?
2, 13999, 20959
List the prime factors of 2755853185.
5, 157, 3510641
List the prime factors of 179020599.
3, 199, 227, 1321
List the prime factors of 731674208.
2, 1553, 14723
List the prime factors of 52362853.
223, 234811
List the prime factors of 4302654.
2, 3, 717109
What are the prime factors of 26108686?
2, 13054343
What are the prime factors of 5849535355?
5, 17, 68818063
List the prime factors of 23204554.
2, 31, 131, 2857
What are the prime factors of 3058842731?
7, 199, 2195867
What are the prime factors of 41830068?
2, 3, 7, 497977
List the prime factors of 4852597526.
2, 7, 346614109
List the prime factors of 2270001077.
23, 53, 139, 13397
What are the prime factors of 50642464?
2, 1582577
What are the prime factors of 44609119?
4933, 9043
What are the prime factors of 215220343?
13, 16555411
List the prime factors of 4141301401.
863, 4798727
What are the prime factors of 189632830?
2, 5, 73, 259771
List the prime factors of 82620219.
3, 11, 47, 53269
What are the prime factors of 397486718?
2, 41, 457, 10607
What are the prime factors of 664443597?
3, 149, 1486451
List the prime factors of 9193416.
2, 3, 19, 20161
List the prime factors of 2232823975.
5, 71, 263, 4783
List the prime factors of 173202075.
3, 5, 23, 33469
List the prime factors of 2565550228.
2, 137, 4681661
What are the prime factors of 632042814?
2, 3, 13, 103, 151, 521
List the prime factors of 3896927480.
2, 5, 97423187
List the prime factors of 212763335.
5, 42552667
List the prime factors of 4059993158.
2, 13, 156153583
What are the prime factors of 693341160?
2, 3, 5, 19, 41, 7417
What are the prime factors of 10805978?
2, 641, 8429
List the prime factors of 156517192.
2, 13, 983, 1531
What are the prime factors of 135146645?
5, 2803, 9643
List the prime factors of 138781451.
31, 4476821
What are the prime factors of 1860787250?
2, 5, 7, 151901
List the prime factors of 3758559815.
5, 31, 24248773
What are the prime factors of 57853843?
31, 307, 6079
List the prime factors of 68756818.
2, 13, 241, 10973
List the prime factors of 2464133211.
3, 191, 477823
List the prime factors of 15167592.
2, 3, 11, 1741
List the prime factors of 80707597.
67, 709, 1699
List the prime factors of 1570954345.
5, 314190869
List the prime factors of 127834580.
2, 5, 6391729
List the prime factors of 1418590031.
401, 3537631
List the prime factors of 1356191571.
3, 7, 607, 15199
What are the prime factors of 1056164202?
2, 3, 17, 3451517
What are the prime factors of 2253008961?
3, 7, 19, 1319, 1427
List the prime factors of 201578571.
3, 17, 643, 683
What are the prime factors of 32638149?
3, 293, 12377
List the prime factors of 18519505.
5, 3703901
What are the prime factors of 11431987?
7, 107, 15263
What are the prime factors of 345432437?
7, 2887, 17093
What are the prime factors of 1177641336?
2, 3, 49068389
What are the prime factors of 792587?
97, 8171
List the prime factors of 991949021.
7, 37, 3829919
List the prime factors of 85818803.
7, 12259829
List the prime factors of 911749737.
3, 61, 233, 21383
What are the prime factors of 90279931?
7, 251, 51383
What are the prime factors of 64584295?
5, 12916859
What are the prime factors of 1721396000?
2, 5, 337, 1277
List the prime factors of 104537874.
2, 3, 7, 355571
What are the prime factors of 269117461?
269117461
What are the prime factors of 988733636?
2, 11, 233, 96443
What are the prime factors of 44315410?
2, 5, 19, 233239
List the prime factors of 3065615675.
5, 122624627
What are the prime factors of 8520333398?
2, 4260166699
What are the prime factors of 245855740?
2, 5, 13, 23, 41113
What are the prime factors of 254865667?
7, 36409381
List the prime factors of 377231213.
377231213
List the prime factors of 109795642.
2, 11, 19, 23879
List the prime factors of 233208122.
2, 7, 397, 41959
What are the prime factors of 276676699?
13, 1367, 15569
List the prime factors of 4292995390.
2, 5, 429299539
What are the prime factors of 2978315110?
2, 5, 297831511
What are the prime factors of 2842148969?
11, 37, 2557, 2731
List the prime factors of 677795842.
2, 31, 43, 97, 2621
What are the prime factors of 4160851539?
3, 13, 37, 2883473
What are the prime factors of 14723058?
2, 3, 7, 350549
List the prime factors of 592041844.
2, 29, 31, 61, 2699
What are the prime factors of 93620362?
2, 11, 283, 1367
What are the prime factors of 3228164385?
3, 5, 31, 433, 16033
List the prime factors of 93459247.
7, 1999, 6679
List the prime factors of 74053815.
3, 5, 11, 40801
List the prime factors of 16602210.
2, 3, 5, 29, 6361
What are the prime factors of 18423122?
2, 19, 271, 1789
List the prime factors of 15034780.
2, 5, 751739
List the prime factors of 279636532.
2, 7, 1426717
What are the prime factors of 3791409418?
2, 1895704709
What are the prime factors of 704462473?
11, 13, 17, 22291
What are the prime factors of 21781383?
3, 13, 558497
List the prime factors of 46330214.
2, 7, 3309301
List the prime factors of 304318114.
2, 197, 772381
What are the prime factors of 2969117094?
2, 3, 547, 904667
List the prime facto